+ 9. Is h(11) a composite number?
False
Suppose -101 = -5*z + 684. Is z prime?
True
Let y = -18 + 12. Let i(o) = -9*o + 4. Is i(y) a prime number?
False
Suppose -5*q + 6153 = -5*p - 2437, 2*q = 3*p + 3437. Is q a prime number?
False
Let l = 11 - 4. Let f(v) = v**3 - 6*v**2 - 8*v + 7. Let g be f(l). Suppose g = -n + 6 + 49. Is n prime?
False
Let t(o) = 43*o**2 - 6. Is t(-3) a prime number?
False
Suppose -127*t + 122*t = -2095. Is t prime?
True
Let w(k) = -k**2 - 11*k + 14. Is w(-11) composite?
True
Let b(k) = -k - 1. Let n(v) = 66*v - 1. Let o(x) = -6*b(x) + n(x). Is o(4) composite?
False
Let r = -665 + 3246. Is r prime?
False
Let z(o) = 16*o - 1. Let r be z(-5). Let q = 194 + r. Is q a composite number?
False
Let k = -8 - -180. Suppose q - k = 4*g - q, 4*q = g + 29. Let j = 64 + g. Is j a composite number?
False
Is 2/(-3) + (-293475)/(-45) prime?
True
Suppose -4*y - 3*o = -1004, -5*y + 1255 = -4*o - 0*o. Is y composite?
False
Let p(v) be the third derivative of -v**5/60 + 25*v**3/6 - 3*v**2. Is p(0) a prime number?
False
Suppose -2*q - 250 = -s - q, 0 = -3*s - 3*q + 762. Suppose s = 2*c - 86. Is c prime?
False
Let z(v) = -7*v**3 - 3*v**2 - 2*v - 2. Is z(-2) a composite number?
True
Is -2*(132/(-8) + 0) composite?
True
Suppose 9*q = 26*q - 127109. Is q composite?
False
Suppose 1780 = -36*s + 40*s. Is s prime?
False
Let a be (-2)/(-5) + (-72)/(-20). Let j(z) = 3*z - 10*z**2 + 64*z**2 - a*z. Is j(-1) a prime number?
False
Suppose -3 = z - 3*l, 9*z - 4*z - 4*l = -15. Let d be 21/5 - z/(-15). Is d/(-14) - (-690)/14 a prime number?
False
Let t = 54 - -59. Is t a composite number?
False
Let h = 135 - 82. Is h a prime number?
True
Suppose -2*x = -4*u + 2*x + 1508, 5*u + x - 1897 = 0. Is u a composite number?
False
Let q(t) = 3 + 3 - 1 - 1 + 3*t. Is q(9) a prime number?
True
Suppose 94*f = 91*f + 921. Is f prime?
True
Let y(z) = -20*z + 5. Let u(v) = -21*v + 4. Let m(d) = 7*u(d) - 6*y(d). Let o be m(-4). Suppose 3*x + o = 5*x. Is x a prime number?
True
Let s(p) = p - 3. Let l be s(9). Suppose l*t - 445 = t. Is t composite?
False
Let o = 13 - 3. Let t(k) = o*k**3 + 0*k - 4*k - 2*k**2 + 5*k + 28*k**3. Is t(1) prime?
True
Suppose -123 = -w - 14. Is w a composite number?
False
Let u(d) be the first derivative of -d**4/4 - 66*d - 3. Let p be u(0). Let l = p + 227. Is l a prime number?
False
Let t(g) = 87*g**2 + 4*g - 2. Is t(1) a composite number?
False
Let v = -42 - -75. Is v prime?
False
Let q(g) = 7*g + 2. Suppose -4*b + 14 = 2. Is q(b) a composite number?
False
Let a = -7 - -8. Is (-2 + -252)/(-3 + a) a prime number?
True
Let z = -19 - -110. Is z a prime number?
False
Let i = 452 + 324. Is 1/5 - i/(-20) a composite number?
True
Suppose -4*t - 9575 + 31107 = 0. Is t prime?
False
Let y(d) = -19*d**3 - 2*d**2 - 8*d - 5. Is y(-4) prime?
False
Suppose 4*y = d + 84, -4 - 362 = 4*d - y. Let x = 129 + d. Is x prime?
True
Let j be 3 + 2*2/4. Suppose -3*r - j*h = -2*h - 753, -4*r = h - 1009. Is r composite?
True
Suppose -2*d = 2*d. Suppose d = -2*a - 39 + 709. Is a a prime number?
False
Let z(g) = g**2 + g + 113. Let k be z(0). Suppose 2*s + k = 3*h, h - s - 17 - 21 = 0. Is h prime?
True
Let v be (-5)/(-3) - 1/(-3). Suppose b + 15 = 6*b, 0 = v*y - 3*b - 785. Is y prime?
True
Let p = 36 - 33. Let z be 2/(-3)*(-9)/6. Is p/((-6)/(-254))*z composite?
False
Let d = -5516 - -8173. Is d prime?
True
Is 1*(211 - 0/5) a composite number?
False
Is (-1)/4 + (-4072)/(-32) prime?
True
Suppose 9*u - 30 = 4*u. Suppose l = 4*l - 12. Suppose l*n = 18 - u. Is n prime?
True
Suppose -4*m = 4*k + 60, 48 = -3*m - k - k. Suppose 0*s - 2*s + 14 = 0. Let b = s - m. Is b a prime number?
False
Let k be (-2136)/(-30)*5/2. Suppose k = 2*f - 0*f. Is f prime?
True
Suppose 3*s = 12, -y = 3*y - 2*s + 24. Let a(j) = -2*j - 6. Let p be a(y). Suppose -p*m + 5*g + 134 = 0, 5 = -2*g - 3. Is m a prime number?
False
Suppose 0 = v - 3 - 2. Suppose -v*y - 196 + 611 = 0. Is y a prime number?
True
Let z be (-1)/2 - 24/(-16). Is 106/2 + (z - -1) a prime number?
False
Let o be 0 + (-2)/((-6)/(-291)). Let k = o + 188. Is k a prime number?
False
Let v = -5 + 9. Let t be (-4)/(-18) + 116/(-36). Let m = v - t. Is m a prime number?
True
Let b = 3 + 0. Suppose 0 = -2*m - 0*m + 2, b*a - 2*m = 553. Is a prime?
False
Let a(u) = 4*u**2 + 4*u - 1. Let g be a(3). Let d = -34 + g. Let w = 42 + d. Is w composite?
True
Is 4 - (-3 + -1473 + -1) a prime number?
True
Let k be 0 - (1 + 7)*-1. Is (26/4)/(4/k) a composite number?
False
Let o = 4 - -2. Suppose o*f - 3*f - 51 = 0. Let i = 36 - f. Is i a composite number?
False
Let x(c) = -c**3 - 12*c**2 + 13*c - 10. Let r be x(-13). Let g(u) be the second derivative of -u**3/6 + 9*u**2/2 - 2*u. Is g(r) a composite number?
False
Is (-12518)/(-11) - 3/(-1) prime?
False
Suppose n - 69 - 8 = 2*w, 5*w + 370 = 5*n. Let i = -138 + 266. Let b = i - n. Is b a composite number?
True
Suppose -i = 5*v - 12, -i = -3*v + 3 + 1. Is v/(-2*(-3)/345) a prime number?
False
Suppose 5*d + 0*d = 75. Suppose -d = 2*m - 185. Is m composite?
True
Let b = -9 + 16. Let i be (5 + -1)*119/b. Suppose -i = -2*r + 10. Is r prime?
False
Let u = -6 + 0. Let x(i) = 3*i**2 + 6*i + 7. Is x(u) prime?
True
Suppose -1 - 1 = -2*o. Is 263*(2 - o)*1 prime?
True
Let d(b) = b**3 + b**2 - 9*b + 3. Let y be d(6). Suppose 7*m = 10*m - y. Is m a composite number?
False
Suppose s - 5*p = -0*s + 102, p + 292 = 3*s. Is s prime?
True
Let j be 1*(-1)/(3/(-18)). Is 10/15 + 1106/j composite?
True
Suppose -3*p = 3*b - 891, p = -5*b - 2*p + 1477. Is b prime?
True
Let w(l) = -8*l + 33. Is w(-25) composite?
False
Suppose 3*x + 16 = 4*q - 0*x, 0 = -3*q + 2*x + 11. Let t be 4/(-6)*(q + -10). Let i(h) = 6*h**2 - h - 7. Is i(t) composite?
True
Suppose -4*p + 0*p = -3*y + 13, -y - 4*p - 1 = 0. Is y prime?
True
Suppose -2*w = g - 4 + 2, -22 = -5*g + 2*w. Is ((-268)/8)/((-2)/g) prime?
True
Suppose 4*r - 668 = -0*r. Is r a composite number?
False
Suppose 3*a + 4*c = -a + 16, 8 = 2*a + 4*c. Suppose 0*u - 2*u - 4*h + 382 = 0, -a*h + 567 = 3*u. Is u composite?
True
Suppose 286 = 3*s - 221. Is s a prime number?
False
Let g(f) = -f**3 - 4*f**2 - 4*f + 99. Let a(h) = h**3 + 3*h**2 + 3*h - 98. Let d(w) = -4*a(w) - 3*g(w). Let z be d(0). Suppose -2*s + z + 3 = 0. Is s prime?
False
Let z = 95 + -58. Let n be 2 + 0/(-3) + 2. Suppose n*y = 3*y + z. Is y prime?
True
Suppose 44 = 2*u + 180. Suppose 3*c + 465 = 4*l, 0 = 3*c - 2*c - 2*l + 157. Let w = u - c. Is w composite?
False
Let p = 385 + -200. Is p a composite number?
True
Let s = -5 - -9. Suppose -5*v - s*c = -244 - 371, 0 = 5*v + 5*c - 610. Is v a prime number?
True
Let k(f) = f - 3. Let r be k(8). Suppose 5*h - 326 + 69 = 2*t, -3*t = r*h - 252. Is h composite?
True
Let k be (-3)/1*238/(-3). Suppose 3*y - k = -4*h - 0*y, h - 3*y - 67 = 0. Suppose -h = -2*z + 125. Is z a prime number?
False
Let w be 2/(-3) - 1901/(-3). Suppose -2*g + 7*g - 2*j - 3151 = 0, g + j = w. Is g a composite number?
False
Suppose -y + 14281 = 4*o, -5*o + 2*y + 21696 = 3835. Is o prime?
True
Suppose -3*w = 2*w + 5. Let q(z) = -5*z**3 + z. Is q(w) a prime number?
False
Let u = 10 - 6. Suppose -u*a = a - 275. Is a prime?
False
Let b = 11 + -3. Let v be ((-4)/(-10))/(b/40). Is v/(2 - (-135)/(-69)) composite?
True
Let g = 6 + -6. Suppose g = 4*p - 5*c - 591, 0 = -4*c + 3 + 1. Is p composite?
False
Suppose -1 + 17 = 4*v. Suppose -v*f - 3*i = -36 + 13, -i + 5 = 0. Suppose -2 - 28 = -f*o. Is o a prime number?
False
Let o(i) = 22*i**3 - i + 1. Let d be o(1). Suppose -5*t + 12 = -18. Suppose -d = -4*x + t. Is x a prime number?
True
Suppose a - 59 = -m + 2*a, 0 = -3*m + 5*a + 185. Is m prime?
False
Let z(l) = l**2 + 9*l + 9. Is z(-10) a composite number?
False
Suppose 4*i = 3*y + 10, 3*y = 2*i + 1 - 3. Suppose y*s = d + 2 - 3, -2*d - s + 7 = 0. Suppose 0 = 2*x - d*x + 85. Is x prime?
False
Let a(p) = -6*p - 14. Let g(o) = 4*o + 9. Let l(y) = -5*a(y) - 8*g(y). Let w be l(-8). Suppose -d + w + 5 = 0. Is d a prime number?
True
Let k(s) = 10*s - 9. Is k(6) prime?
False
Let o(c) = -5*c**2 - 11*c - 14. Let m(k) = -6*k**2 - 12*k - 15. Let z(b) = -6*m(b) + 7*o(b). Is z(-6) a composite number?
True
Let k be -3 - -2 - (-2)/2. Suppose -5*y - 3*b = -59, y - 4*b = -2 - k. Is y a composite number?
True
Let a(d) = -d**2 + d. Let f be a(3). Let o = 10 +